 f = 32 + -22. What is the greatest common divisor of f and w?
10
Let q(v) = v**3 - 10*v**2 - 48*v - 4. Let i be q(15). Let n = -341 + i. Suppose -2*w + 1 = -39. What is the greatest common factor of w and n?
20
Let g be ((16 + -8)/32)/(1/68) + -8. Let f be (9*2)/(2/19). Calculate the greatest common factor of f and g.
9
Let z(p) = -24*p - 39. Let u be z(-3). Let a be 1155/121 + (-18)/u. What is the highest common factor of 81 and a?
9
Let w = -14607 + 14649. Calculate the highest common factor of 234 and w.
6
Suppose 0 = -4*i + 39*p - 43*p + 140, -5*i + 169 = -p. Calculate the greatest common divisor of 459 and i.
17
Suppose -8*y = -9141 - 211. Let q = y + -1001. Calculate the highest common factor of 72 and q.
24
Suppose 13*o = 334 - 256. Suppose -3*r - 3 = -2*r. Let p(z) = -9*z - 3. Let c be p(r). What is the greatest common divisor of c and o?
6
Let z(j) = 5*j**2 + 3*j - 12. Let s be z(-3). Let p = 174 + -88. Let w = 122 - p. Calculate the greatest common factor of w and s.
12
Let f(o) = -2*o**2 + 11*o - 4. Let g be f(5). Let b be (2974/30)/g - 2/15. What is the highest common factor of b and 11?
11
Let x(o) = 213*o**3 + 17*o**2 - 11*o - 4. Let p be x(1). Calculate the greatest common divisor of p and 688.
43
Suppose -5*u = 64*u - 6072. Calculate the greatest common divisor of u and 104.
8
Let x = 178 + 520. Let y = x + -498. Suppose 6*p - y = p. Calculate the highest common factor of 10 and p.
10
Let p be 845/25 - 95/(-475). What is the highest common divisor of 16 and p?
2
Let h be (-1 + 2 - 0)/((-97)/(-776)). Calculate the greatest common factor of h and 1148.
4
Let q = -9464 + 11442. Calculate the highest common divisor of 172 and q.
86
Suppose 5*y = -3*i + 5274, 4*y - 7032 = -27*i + 23*i. What is the highest common factor of 24 and i?
6
Suppose -5*f + 1 + 4 = 0. Let m be 9 + -1 - (f + 1). Suppose -35 = -7*y + m*y. What is the highest common divisor of 385 and y?
35
Suppose 4*z - 3*h = -0*z + 55, -3*h + 10 = z. Suppose -z = -3*q + 41. Calculate the greatest common factor of 96 and q.
6
Suppose 0 = 8*i - 51*d + 47*d - 20, -d = -3*i + 6. Suppose -o - 22 = v - 5*o, 0 = -v - 2*o - 4. Let l = 17 + v. Calculate the greatest common factor of i and l.
1
Suppose 0 = -5*m + 19 + 91. Suppose m*h + 1512 = 25*h. Calculate the greatest common divisor of h and 63.
63
Suppose -71*d + 9859 = 2475. Calculate the highest common divisor of d and 3016.
104
Let b(c) = 39*c**2 - 250*c + 34. Let g be b(7). What is the greatest common divisor of g and 2175?
15
Suppose -2855 = -2*n - 11*s + 12*s, -4*n - 4*s = -5680. Calculate the highest common divisor of 5415 and n.
285
Suppose 66*v - 189 = 3*v. What is the greatest common divisor of 2667 and v?
3
Let b = -1788 + 2578. What is the greatest common divisor of 5 and b?
5
Let a = -455 + 462. Let r = 23 + a. Calculate the highest common factor of 24 and r.
6
Let m(i) = -i**3 + 6*i**2 + 32*i - 191. Let a be m(6). Let v be a/(-4) + 5/20 + 10. What is the highest common divisor of v and 6?
2
Suppose 3*h - 30 = 4*a + 25, 3*h - 5*a = 59. Suppose 66 = h*k - 11*k. Let r(j) = -18*j - 201. Let u be r(-24). What is the highest common divisor of k and u?
33
Let i be 2/(-17) + -39 + 9938137/187. Calculate the greatest common divisor of i and 106.
106
Let t be ((-1)/2 - 0)/(3/(-24)). Suppose -4*p = -0*o + 3*o + t, 4*p + 4 = -o. Suppose o = f + 3*f - 116. What is the highest common factor of f and 203?
29
Let z(r) = -r**3 - 3*r - 19. Let o be z(-3). Suppose -5*j = -51 + 11. Let i be 17*(-1 + j) + 0. Calculate the greatest common divisor of i and o.
17
Let c = 19554 - 19438. What is the greatest common factor of c and 12151?
29
Let s = 97 - 38. Suppose 12*u - 13 = s. Let d be 4/((-180)/(-415)) - (-4)/(-18). Calculate the greatest common factor of d and u.
3
Suppose 5*h = 29*h - 3864. What is the greatest common factor of h and 598?
23
Suppose -70 - 70 = -5*s - 5*p, -2*s + 5*p + 49 = 0. Suppose 945 = 58*y - 53*y. What is the greatest common divisor of y and s?
27
Let v be (186/24)/(26/(-8) - -3). Let d(q) = q + 43. Let r be d(v). What is the greatest common factor of r and 324?
12
Let x be (4 - 5) + (7*255)/(-3). Let l = x - -604. Calculate the highest common factor of l and 2.
2
Suppose -97 - 17 = -3*w. Suppose -106 = 10*q + 24. Let z be 2/q + (-168)/(-78). Calculate the highest common divisor of w and z.
2
Suppose 21 = 5*q - 4*n, 1 = -3*q + 4*n + 4. Suppose 351 = -3*t + 6*t. What is the greatest common factor of q and t?
9
Suppose -15*h + 12*h = -102. Suppose -h = -3*r - 1. Suppose -s + r = a - 2*s, 3*a = -2*s + 53. Calculate the greatest common factor of a and 45.
15
Let a(b) = b**3 + 4*b + 1. Suppose -2 = 4*o - 2*k, 29 = 2*o + 10*k - 5*k. Let j be a(o). Calculate the highest common divisor of 153 and j.
17
Suppose 0 = p + 2*s + s - 98, -3*p + s = -244. Let o = p + -59. What is the greatest common factor of o and 36?
12
Let h = 12 - -8. Let i = -9919 + 9931. What is the greatest common divisor of i and h?
4
Let y be (-194)/(-4) - 3/(-6)*1. Let i = 69 - 66. Suppose 0 = -4*w + i*j + 41, -62 = -3*w - 3*j - j. Calculate the highest common divisor of w and y.
7
Let l(z) = z**3 + 19*z**2 - 19*z + 319. Let x be l(-16). Calculate the highest common factor of 299 and x.
13
Suppose 4*o - 6*o = -16. Suppose -o*i + 9*i - 23 = 0. Suppose -5*t + i = 5*m - 92, 5*m - 125 = 5*t. What is the greatest common factor of 36 and m?
12
Suppose -53*b = -65*b + 19080. Calculate the greatest common factor of b and 30.
30
Suppose 18864 = 154*m - 4954 - 21920. Calculate the greatest common factor of 72 and m.
9
Let d(h) = h**2 + 2*h + 2. Suppose -3*x = -2*t + 1 - 28, 23 = 2*x - 3*t. Let v be d(x). Suppose -v = -2*j + j. What is the greatest common factor of 13 and j?
13
Let r = 545 + -509. What is the greatest common factor of r and 42?
6
Suppose 0 = -q - 4*a + 24, 0 = 2*q - q - a - 24. Let w = 128626 - 128554. Calculate the highest common factor of w and q.
24
Let o be -238*(4 - (-936)/(-84)). What is the greatest common divisor of o and 68?
68
Let z(g) = 9*g**2 - 11*g - 9. Let n = 140 + -136. Let s be z(n). What is the greatest common divisor of 13 and s?
13
Suppose 2*k - 168 = k. Let p(b) = -7*b + 234. Let i be p(15). Suppose 192 = -i*c + 137*c. What is the greatest common divisor of k and c?
24
Let x = -26 + 42. Suppose -f = -s + 58, -s = 357*f - 352*f - 46. What is the greatest common factor of x and s?
8
Let r be (8 - (-3052)/(-378)) + 85335*20/405. Calculate the highest common factor of 539 and r.
49
Suppose 5*y - 92 - 3 = 0. Suppose y = 2*m - 35. Let l = m + -10. What is the highest common divisor of l and 17?
17
Suppose 183*y = 184*y - 21. Let a(m) = 2*m + 12. Let q be a(-6). Let d be -4 - q - (-2 + -8). Calculate the highest common factor of d and y.
3
Let j(n) = n - 8. Let q be j(4). Let l be ((-98)/(-2))/(q + 5). Suppose 2*h - l - 9 = 0. Calculate the highest common factor of h and 261.
29
Let d(a) = -14*a**3 + 2*a**2 - 114*a - 331. Let w be d(-3). Calculate the highest common factor of 440 and w.
11
Let u be (-75)/(-35) - (-1)/(-7). Suppose -5*q - 142 = -u*r, 0*r - 4*q = 2*r - 178. Calculate the highest common divisor of 3 and r.
3
Let s = 110 - -9. Suppose -46*n - s = -53*n. Calculate the highest common factor of 459 and n.
17
Let f = 93 + -44. Suppose 11*u = -16*u + 108. Suppose -u*m + 177 + 215 = 0. What is the greatest common factor of m and f?
49
Let b be (-1)/(2 + -1) + (4 - 0). Suppose -56 = 5*j - 2*j - 4*k, -j = b*k + 23. Let f be 1/(2/57) - (-10)/j. Calculate the highest common divisor of 8 and f.
4
Suppose 42*l - 44*l - 2*f + 2972 = 0, -5*f - 2986 = -2*l. What is the greatest common divisor of l and 336?
48
Suppose -57082 = -111*i + 12515. What is the greatest common factor of 792 and i?
33
Suppose 6*t - 4*t = 90. Let q = 369 + -376. Let m(f) = -f**2 + f + 61. Let y be m(q). Calculate the highest common factor of t and y.
5
Let y be (1/(-3))/(3/(-306)). Let u = y + -43. Let c be 7*1 + (u - -12). Calculate the highest common divisor of 15 and c.
5
Suppose -222 = -4*k + t, -793*k + 790*k + 198 = -3*t. Let o be ((-182)/3)/((-2)/6). What is the highest common divisor of o and k?
26
Suppose 560 = -17*l + 20*l - p, -938 = -5*l + 4*p. Suppose 20*i - l = -46. Calculate the greatest common factor of 1 and i.
1
Let s = 215 + -204. Let n(t